hat is the remainder when 1493213 is divided by 11?
7
What is the remainder when 2100994 is divided by 612?
610
What is the remainder when 1701278 is divided by 196?
194
What is the remainder when 15404 is divided by 593?
579
What is the remainder when 42469 is divided by 1340?
929
Calculate the remainder when 3790 is divided by 1878.
34
Calculate the remainder when 27410 is divided by 1053.
32
What is the remainder when 6951 is divided by 3401?
149
Calculate the remainder when 388708 is divided by 194347.
14
Calculate the remainder when 2996 is divided by 2902.
94
Calculate the remainder when 168196 is divided by 36.
4
Calculate the remainder when 373339 is divided by 732.
19
What is the remainder when 14690 is divided by 1904?
1362
What is the remainder when 938502 is divided by 55?
37
What is the remainder when 24566 is divided by 83?
81
What is the remainder when 3368 is divided by 35?
8
What is the remainder when 129595 is divided by 64782?
31
What is the remainder when 3233 is divided by 1579?
75
What is the remainder when 22973 is divided by 11467?
39
What is the remainder when 1460 is divided by 780?
680
Calculate the remainder when 14594 is divided by 248.
210
Calculate the remainder when 31691 is divided by 722.
645
Calculate the remainder when 43384 is divided by 477.
454
Calculate the remainder when 24776649 is divided by 53.
50
Calculate the remainder when 146847 is divided by 13.
12
What is the remainder when 2649186 is divided by 728?
722
Calculate the remainder when 49507 is divided by 12358.
75
Calculate the remainder when 1119 is divided by 593.
526
Calculate the remainder when 31462 is divided by 213.
151
What is the remainder when 18598 is divided by 18301?
297
What is the remainder when 722693 is divided by 24?
5
Calculate the remainder when 2208089 is divided by 23.
20
What is the remainder when 1233 is divided by 363?
144
Calculate the remainder when 10344 is divided by 3446.
6
Calculate the remainder when 610059 is divided by 47.
46
Calculate the remainder when 114732 is divided by 101.
97
Calculate the remainder when 41181 is divided by 156.
153
What is the remainder when 1851 is divided by 219?
99
Calculate the remainder when 3323496 is divided by 199.
196
Calculate the remainder when 16093 is divided by 50.
43
What is the remainder when 41586 is divided by 20780?
26
Calculate the remainder when 160315 is divided by 423.
421
Calculate the remainder when 222219 is divided by 74045.
84
What is the remainder when 1803 is divided by 257?
4
Calculate the remainder when 8277 is divided by 82.
77
Calculate the remainder when 3955 is divided by 106.
33
What is the remainder when 58083 is divided by 93?
51
Calculate the remainder when 737100 is divided by 92.
88
Calculate the remainder when 594 is divided by 29.
14
Calculate the remainder when 1311 is divided by 1301.
10
What is the remainder when 46323 is divided by 46320?
3
Calculate the remainder when 35165 is divided by 704.
669
What is the remainder when 38111 is divided by 98?
87
Calculate the remainder when 50549 is divided by 75.
74
What is the remainder when 16578 is divided by 4106?
154
What is the remainder when 12936 is divided by 2023?
798
Calculate the remainder when 3303 is divided by 121.
36
What is the remainder when 20445 is divided by 12?
9
What is the remainder when 1678 is divided by 480?
238
Calculate the remainder when 575 is divided by 278.
19
What is the remainder when 29890 is divided by 299?
289
What is the remainder when 70809 is divided by 18?
15
What is the remainder when 4610 is divided by 736?
194
What is the remainder when 2682 is divided by 2593?
89
What is the remainder when 51518 is divided by 31?
27
Calculate the remainder when 6058 is divided by 1210.
8
Calculate the remainder when 119519 is divided by 33.
26
Calculate the remainder when 39659 is divided by 661.
660
What is the remainder when 3290 is divided by 140?
70
Calculate the remainder when 13514 is divided by 31.
29
Calculate the remainder when 129824 is divided by 467.
465
What is the remainder when 1387 is divided by 1302?
85
Calculate the remainder when 6355 is divided by 95.
85
What is the remainder when 26860 is divided by 785?
170
What is the remainder when 47072 is divided by 868?
200
What is the remainder when 1343 is divided by 262?
33
Calculate the remainder when 30279 is divided by 31.
23
What is the remainder when 625792 is divided by 678?
676
Calculate the remainder when 58286 is divided by 49.
25
What is the remainder when 74355 is divided by 6193?
39
Calculate the remainder when 8848181 is divided by 218.
215
What is the remainder when 7075 is divided by 362?
197
Calculate the remainder when 7402 is divided by 335.
32
What is the remainder when 6661 is divided by 115?
106
What is the remainder when 32792 is divided by 66?
56
Calculate the remainder when 1012 is divided by 148.
124
What is the remainder when 18551 is divided by 1684?
27
Calculate the remainder when 16822 is divided by 16814.
8
What is the remainder when 51160 is divided by 267?
163
Calculate the remainder when 405899 is divided by 158.
155
What is the remainder when 143501 is divided by 12?
5
What is the remainder when 46091 is divided by 225?
191
What is the remainder when 7887 is divided by 1572?
27
Calculate the remainder when 337437 is divided by 185.
182
What is the remainder when 73146 is divided by 133?
129
Calculate the remainder when 3015 is divided by 8.
7
Calculate the remainder when 4689 is divided by 557.
233
What is the remainder when 34541 is divided by 25?
16
What is the remainder when 11602 is divided by 3789?
235
Calculate the remainder when 11843 is divided by 122.
9
Calculate the remainder when 44845 is divided by 8969.
0
Calculate the remainder when 399 is divided by 362.
37
Calculate the remainder when 159972 is divided by 176.
164
Calculate the remainder when 4154 is divided by 1818.
518
Calculate the remainder when 4400 is divided by 1076.
96
What is the remainder when 40667 is divided by 1848?
11
What is the remainder when 3132 is divided by 19?
16
What is the remainder when 3674 is divided by 76?
26
What is the remainder when 290897 is divided by 18181?
1
What is the remainder when 27952 is divided by 333?
313
What is the remainder when 11333 is divided by 58?
23
Calculate the remainder when 1317 is divided by 1114.
203
What is the remainder when 19852 is divided by 209?
206
Calculate the remainder when 19755 is divided by 374.
307
Calculate the remainder when 14564 is divided by 14267.
297
Calculate the remainder when 1616 is divided by 1601.
15
Calculate the remainder when 155958 is divided by 563.
7
What is the remainder when 15030 is divided by 825?
180
Calculate the remainder when 155374 is divided by 44.
10
Calculate the remainder when 10508 is divided by 47.
27
Calculate the remainder when 31984 is divided by 22.
18
What is the remainder when 111 is divided by 19?
16
What is the remainder when 45344 is divided by 11308?
112
Calculate the remainder when 6515 is divided by 2148.
71
What is the remainder when 251 is divided by 219?
32
What is the remainder when 363658 is divided by 319?
317
What is the remainder when 5085 is divided by 2516?
53
Calculate the remainder when 648 is divided by 74.
56
What is the remainder when 629909 is divided by 54?
53
Calculate the remainder when 282423 is divided by 103.
100
What is the remainder when 198916 is divided by 13?
3
What is the remainder when 135 is divided by 37?
24
Calculate the remainder when 191916 is divided by 40.
36
What is the remainder when 265686 is divided by 159?
156
What is the remainder when 270 is divided by 252?
18
What is the remainder when 8139166 is divided by 118?
116
Calculate the remainder when 483 is divided by 49.
42
Calculate the remainder when 221207 is divided by 55.
52
What is the remainder when 73521 is divided by 82?
49
Calculate the remainder when 1032 is divided by 83.
36
What is the remainder when 14089 is divided by 76?
29
What is the remainder when 21683 is divided by 1574?
1221
Calculate the remainder when 1626 is divided by 460.
246
Calculate the remainder when 65496 is divided by 488.
104
Calculate the remainder when 1441 is divided by 709.
23
Calculate the remainder when 197088 is d